.
7, 181
Let u(b) = -b + 1. Let t be u(-3). Suppose -3*a + 4*k = k - 6, t*a + 2*k = 14. Suppose 4 = -l, 6*f - f + a*l = 418. What are the prime factors of f?
2, 43
Let l(u) = 3*u**2 + 18*u - 79. Let t be l(-9). What are the prime factors of (92/(-6) + t)/(112/(-1848))?
2, 5, 11
Suppose -2*i = -21*t + 16*t + 10, -4*i = -2*t + 20. Suppose 4*c = t, 77 = 3*o + 4*c - 196. List the prime factors of o.
7, 13
Let x(p) = 768*p**2 + 16*p - 97. What are the prime factors of x(4)?
3, 5, 19, 43
List the prime factors of (-1133594)/(-98) + (-2)/7.
43, 269
Let o = -25 + 35. Let z be 4/(-15) - (-4)/6 - 9024/(-240). Let d = z - o. List the prime factors of d.
2, 7
What are the prime factors of (130/15)/(-5*(-10)/8625)?
5, 13, 23
Suppose -s + 0*s = -10. Let k(p) = 12*p**2 - 34*p + 34. Let d(g) = -5*g**2 + 17*g - 16. Let m(z) = 5*d(z) + 2*k(z). What are the prime factors of m(s)?
2, 29
Let s(z) = z - 3. Let t be s(5). Suppose q - 2 = t*r, 0 = 2*q + r - 8 - 1. Suppose 0*x - 652 = -q*x. List the prime factors of x.
163
Let a = 13283 - -2374. What are the prime factors of a?
3, 17, 307
Suppose 10978 = 4*p - 19774. What are the prime factors of p?
2, 31
Suppose 4*i + 4*s - 100146 = 195990, 2*i - s - 148065 = 0. What are the prime factors of i?
101, 733
Let i = 21003 + -10957. List the prime factors of i.
2, 5023
Let q = 2506 - 2169. What are the prime factors of q?
337
Let b(t) = -536*t**3 - 3*t**2 + t + 3. Let d(q) = -q**2 + 1. Let y(v) = -b(v) + 5*d(v). What are the prime factors of y(1)?
5, 107
Let n = 8690 - 3866. Suppose -q + n = 7*q. List the prime factors of q.
3, 67
Suppose 82640 = 5*i - 3*z, -13*z + 16*z - 49608 = -3*i. List the prime factors of i.
61, 271
Suppose c - 5*q - 3703 = 0, 55*c + 4*q + 3707 = 56*c. What are the prime factors of c?
3, 17, 73
Suppose 11*z - 142 = 1. Suppose 0 = z*f - f - 2916. List the prime factors of f.
3
Suppose -34*r + 37*r = 21. Suppose -r*m - 40 = -3*m. Let w = -4 - m. List the prime factors of w.
2, 3
Let j = -3707 + 4472. List the prime factors of j.
3, 5, 17
Let y = 39503 + -22344. What are the prime factors of y?
17159
Suppose -4*w = -0*w - 28. Let t(j) be the second derivative of 5*j**3/2 + 12*j**2 + 28*j. What are the prime factors of t(w)?
3, 43
Suppose -8 = -2*g, 100*s + 5*g = 99*s + 4170. List the prime factors of s.
2, 5, 83
Let w(y) = -10*y - 26. Let x be w(-3). Suppose -x*d + 1031 = g, -12*d - 10 = -17*d. List the prime factors of g.
3, 11, 31
Let h(y) = -11 - 1 + 0 + 75*y - 5. Let w be h(4). Let g = 398 - w. What are the prime factors of g?
5, 23
Let j = 2850 - 2338. What are the prime factors of j?
2
Let p = 502 + -246. Suppose y + 4*o - 68 = 0, 0 = -3*y + 4*o - 3*o + p. List the prime factors of y.
2, 3, 7
Let t = 54340 + -31475. List the prime factors of t.
5, 17, 269
Suppose -2*j + 3*o + 562 = 0, 585 = 3*j - o - 272. Let c = 352 - j. List the prime factors of c.
5, 13
What are the prime factors of 12758 + -3 + (-18)/24*12?
2, 6373
Suppose 4*d - 3*f = 1, -3*f + 7 = -2*d - 0*f. Suppose -d*x = -15*x + 5379. List the prime factors of x.
3, 163
Suppose 4653 = 2*k + a, -3*a - 7 = 8. Let g = k - 1581. What are the prime factors of g?
2, 11, 17
Let x(y) = -2*y + 40. Let p be x(19). Suppose 2*k + 2*n - 1058 = -58, -2*n = p. List the prime factors of k.
3, 167
Suppose -2*m = -2*y - 6400, -3992 = -3*m - y + 5628. List the prime factors of m.
5, 641
Let c = -783 + 839. Suppose 0 = -32*s + c*s - 7176. What are the prime factors of s?
13, 23
Let i be -10*104/60*3. Let q be (20 - i)/((-1)/(8/(-6))). Suppose 5*j + 2*o = -o + 396, -5*o = -j + q. What are the prime factors of j?
3
Let c(a) be the third derivative of 0*a + 0 + 1/6*a**3 + 1/24*a**4 + 83/60*a**5 - 5*a**2. List the prime factors of c(-1).
83
Suppose -476487 = -1715*q + 1710*q + 4*x, 3*x - 285876 = -3*q. List the prime factors of q.
3, 5, 6353
Suppose -96*f + 374620 - 84028 = 0. What are the prime factors of f?
3, 1009
Suppose -44*w + 1135 = -43*w. Let a = w + -649. Suppose 112 = -2*u + 3*o + a, 0 = -2*o - 4. List the prime factors of u.
2, 23
Let o be (2 - (10 - 21)) + 10. Let u(d) = -d**2 + 20*d + 39. Let q(p) = -p**2 + 20*p + 38. Let k(z) = -6*q(z) + 5*u(z). List the prime factors of k(o).
2, 3
Let u = 106958 - 42123. List the prime factors of u.
5, 12967
Suppose 0 = -p + 6 - 2, 0 = 5*h + 4*p - 49926. What are the prime factors of h?
2, 7, 23, 31
List the prime factors of -8*(-4)/40*(-576585)/(-27).
2, 4271
Let p be (0 + -3)/((-6)/10). Suppose -9*a + 5 - p = 0. Suppose -2*d + 234 - 50 = a. List the prime factors of d.
2, 23
What are the prime factors of (2/(-3))/(1278174/106515 + -12)?
3, 5, 263
Suppose 2*h - 2*v = 584, -h + 2*h = 3*v + 300. Suppose -15*i + 14*i = -h. What are the prime factors of i?
2, 3
List the prime factors of 8506 + (-13)/26 + -4*(-3)/24.
2, 4253
Let z = 8225 + -3580. List the prime factors of z.
5, 929
Let w = 643 - 772. Let v = w - -339. What are the prime factors of v?
2, 3, 5, 7
Let v(l) = l**2 + 9*l + 13. Let i be v(-8). Suppose -s + 8 - i = 0. List the prime factors of s - (12/(-3) + 3).
2
Suppose -5*h + 20 = -h. Suppose -3*d = -h*u - 5, d - u = u. Suppose -6*k + d*k = 408. List the prime factors of k.
2, 3, 17
Let t be (-114)/(1/66 + 6/36). Let c = t - -1083. Suppose -5*f - 3*u + 6*u + 570 = 0, 4*f = -5*u + c. What are the prime factors of f?
2, 3, 19
Let x(t) be the second derivative of 5*t**4/12 + t**3/2 + 11*t**2 + 110*t - 1. List the prime factors of x(7).
2, 3
Suppose -3*h - 14256 = -9*h. Suppose -23*m + 29*m = h. Suppose -6*a + 3*a = -m. List the prime factors of a.
2, 3, 11
Let h(v) = 4*v**2 + 12*v + 42. Let c be (-9)/((-72)/68)*-2. What are the prime factors of h(c)?
2, 7, 71
Suppose 8*o - 415 = 265. List the prime factors of 17/(o/(-14))*-20.
2, 7
Suppose -108 = 8*o - 10884. Let y = -783 + o. List the prime factors of y.
2, 3, 47
Let r(j) = -12*j + 21. Let a be r(14). Let n = a - -323. What are the prime factors of n?
2, 11
Let d(u) = 64*u**2 - 3*u - 2. Let f be d(-2). Let l = f - 118. List the prime factors of l.
2, 71
Suppose 163*z - 443348 = -57201. List the prime factors of z.
23, 103
Suppose 0 = 5*b - 3*d + 4*d - 5, 0 = -3*d + 15. Suppose -24*f + 8116 - 268 = b. What are the prime factors of f?
3, 109
Let q = 44 - 25. Suppose j = -q + 7. Let z = 36 + j. List the prime factors of z.
2, 3
Let c(r) = 8 - 2*r**2 + 10 + 28*r + 73*r + 2 + 2. List the prime factors of c(45).
11, 47
Suppose 0 = -7*p + 3*p - 2*l - 18, -3*p = -2*l + 10. Let v = 90 - p. Suppose -2*g = -k - 107, -2*g - 4*k = 12 - v. List the prime factors of g.
3, 17
Let u = 394 + -319. Let w = u - -227. List the prime factors of w.
2, 151
Suppose -37 - 33 = -10*c. Let j = c + 56. Let q = 142 - j. List the prime factors of q.
79
Let q be 1/((-6)/7 - -1). Suppose -m = q*m - 400. List the prime factors of 5/(m/(-15))*-2.
3
Let q(r) = -18*r**3 + 3*r**2 - 6*r - 40. List the prime factors of q(-6).
2, 499
Suppose 3*j = -4*t, -3*j + 2*t - 2 = -4*j. Let x be -1 + j + 5 - 0. Suppose -5*o + 6*o - 151 = x. What are the prime factors of o?
151
Let t be (-10)/15 + (-34)/(-6). Suppose 5*s = 5*c + 2230, 452 = s + 2*c - t*c. List the prime factors of s.
443
Let c(x) = x**3 - 2*x**2 - 1. Let a(w) = 24*w**3 + 3*w**2 + 4*w + 1. Let u(j) = a(j) + 4*c(j). What are the prime factors of u(2)?
11, 19
Let j(b) = -494*b + 8747. What are the prime factors of j(-44)?
3, 1129
Let o(u) = u + 5. Let h be o(-2). Suppose h*a - 6*a + 2*r = 589, -a - 219 = 5*r. Let l = -110 - a. What are the prime factors of l?
89
Let g(p) = -3*p**3 + 661*p - 329*p - 334*p - 6*p**2 - 5. What are the prime factors of g(-6)?
439
Suppose -3*d = -5*r - 156727, -4*d - 106432 + 315405 = -3*r. What are the prime factors of d?
2, 37, 353
Let a = 24 - -31. Let v = a - -1276. List the prime factors of v.
11
List the prime factors of ((-515)/(-5)*-111 + 13)*14/(-4).
2, 5, 7, 571
Suppose 2*j = -5*b - 1517, -124 - 807 = 3*b - 4*j. List the prime factors of b*2/(-1) - (2 + -6).
2, 307
Suppose -2*h = 2*h - 20. Suppose -4*l + l = -3, m - 5*l = h. Suppose m*k = 589 - 19. List the prime factors of k.
3, 19
Let v(u) = 106*u**3 - u - 1. Let x be v(-1). Let o = -24 + 25. Let p = o - x. What are the prime factors of p?
107
Let z = 105 + -105. Suppose 12*b - 9*b - 21300 = z. What are the prime factors of -4 + b/32 - (-2)/16?
2, 109
